mainder when 47 is divided by w(o).
15
Suppose -5*o - 2*r = -2, 0*o + 30 = 5*o - 5*r. What is the remainder when 3 is divided by o?
1
Let k = 22 + -37. Let a = -11 - k. Suppose a*t + 0*t - 3*i = 58, 0 = -2*t + i + 28. Calculate the remainder when 25 is divided by t.
12
Suppose -s + 12 = -3*y, 3*s - 2*y = 2*s + 9. Let h be 0*2/4 - 7. Let f(c) = -c**3 - 6*c**2 + 7*c + 7. Calculate the remainder when f(h) is divided by s.
1
Suppose -5*d + d = -112. Let a(v) = 11*v - 1. Calculate the remainder when d is divided by a(1).
8
Let v(g) = g**2 - g. Let r be v(1). Let k(w) = -w**3 - w + 5. What is the remainder when k(r) is divided by 4?
1
Suppose 5*j - 51 = 39. Let z(r) = -51*r + 1. Calculate the remainder when z(-1) is divided by j.
16
Let u = -47 + 73. Suppose 5*h - u = -6. Let g = -23 - -34. What is the remainder when g is divided by h?
3
Suppose -r = 2*r - 69. Calculate the remainder when r is divided by 6.
5
Let g(i) = 2*i**2 + 5*i - 3. Let x = 2 + 6. What is the remainder when g(3) is divided by x?
6
Let c = -6 - -3. Let j = c - -5. Suppose -l + 51 = j*l. What is the remainder when l is divided by 6?
5
Let c(n) = 3 - 2*n**2 - 5 - 3 + 3*n**2. What is the remainder when c(6) is divided by 17?
14
Suppose -g = 3*g + 560. Let w = -78 - g. Calculate the remainder when w is divided by 21.
20
Suppose -3*s - 4*n - 5 = -0*s, -3*n = -s + 20. Calculate the remainder when 17 is divided by s.
2
Let c(h) = 6*h - 1. Let u be c(-2). Let m = u + 25. What is the remainder when 23 is divided by m?
11
Let h(i) = -15*i - 13. What is the remainder when h(-2) is divided by 6?
5
What is the remainder when 30 is divided by (-22)/((-7)/(14/4))?
8
Suppose -s + 2*s = 0, i - 2*s - 33 = 0. What is the remainder when i is divided by 19?
14
Suppose 3*v - 255 = -0*v. Suppose -3*m + 55 = 4*b - v, 16 = -4*m. Calculate the remainder when b is divided by 20.
18
What is the remainder when ((-33)/4)/((-12)/32) is divided by 12?
10
Let v(f) = -4*f**2 + 6*f + 5. Let h be v(5). Let u(r) = 8*r - 13. Calculate the remainder when u(6) is divided by h/(-7) - (-6)/(-21).
8
Suppose 4 = 3*w + 3*z - 11, -7 = -w - 2*z. What is the remainder when 7 is divided by w?
1
Let p(q) = q**2 - 11*q + 30. Calculate the remainder when 39 is divided by p(8).
3
Let c = -101 - -234. Suppose 0 = -3*i - 4 + c. Calculate the remainder when i is divided by 15.
13
Let d(i) = i**3 + 3*i - 22. Calculate the remainder when 29 is divided by d(3).
1
Let k = -3 - -3. Suppose 0 = 4*g - 2*g - 3*q - 2, k = 3*q - 6. Suppose -6*w = -g*w - 2. Calculate the remainder when 1 is divided by w.
0
Let f = -10 - -17. Suppose -14*n + 15*n = 5. What is the remainder when f is divided by n?
2
What is the remainder when 126 is divided by ((-258)/(-18))/(2/6)?
40
Let v(x) = 4*x - x + 3 + 3 + 1. Calculate the remainder when v(5) is divided by 8.
6
Suppose -r - 34 = -3*r + 4*a, 0 = 4*r - 2*a - 38. Calculate the remainder when 18 is divided by r.
4
Let a = 33 + -98. Calculate the remainder when 42 is divided by (-3)/(-9) - a/3.
20
Let b = 31 + -18. Calculate the remainder when b is divided by 5.
3
Let w(y) = -y**2 - 2*y - 1. Let g be w(-1). Suppose g = v + v. Suppose d = -v*d + 1. What is the remainder when 1 is divided by d?
0
Let d = 62 - 35. Let t = -14 + 31. Let w = 24 - t. What is the remainder when d is divided by w?
6
Let i = 20 + -44. Let b be i/(-9)*3/2. Suppose -b*q = -w - w + 8, 0 = 3*w + q - 40. What is the remainder when 23 is divided by w?
11
Let o(t) = 5*t + 4. Let q(b) = 3*b + 3. Let k(l) = 5*o(l) - 8*q(l). Calculate the remainder when k(7) is divided by 2.
1
Suppose -2*a = 27 - 71. Calculate the remainder when 86 is divided by a.
20
Let q(c) = -8*c - 22. Calculate the remainder when q(-5) is divided by 12.
6
What is the remainder when -5*3/(30/(-232)) is divided by 15?
11
Let y(h) = h**3 + 6*h**2 - 3*h - 7. What is the remainder when y(-6) is divided by 6?
5
Let l(t) = t**3 - 11*t**2 + 2*t - 12. Let g be 6/(-15) - 57/(-5). Calculate the remainder when 29 is divided by l(g).
9
Let g(o) = -o**2 - 15*o - 16. What is the remainder when 77 is divided by g(-12)?
17
Let c(i) = -2*i - 3. What is the remainder when 5 is divided by c(-3)?
2
Suppose -19 - 25 = -4*w. Calculate the remainder when 65 is divided by w.
10
What is the remainder when 30 is divided by -3*(-5 + 4/(-4))?
12
Let p(k) = k**3 - 10*k**2 - 6*k - 8. Calculate the remainder when p(11) is divided by 18.
11
Let p = 25 + 25. Suppose -z + 3*z - p = 0. Calculate the remainder when 48 is divided by z.
23
Suppose 2*b + 30 = -4*n, 2*n + 5*b = -0*n - 27. What is the remainder when 113/3 - (-4)/n is divided by (-2)/3*(-513)/18?
18
Suppose -3*m + 2 = 4*c - 13, -4*c = -3*m - 9. Suppose -4 = -c*j + 23. What is the remainder when (-46)/(-3) + (-4)/(-6) is divided by j?
7
Suppose 3*o + 2*y - 1 = 0, 2*o + 2 = -0*o - 2*y. Suppose o*u = k + 56, -u + 71 = 2*u - 4*k. Calculate the remainder when 48 is divided by u.
14
Let t be 6 + -2 + 1/1. Let z = -5 + t. Suppose 3*i = 9, 2*b + z*i - 19 = i. What is the remainder when 20 is divided by b?
9
What is the remainder when 8 is divided by (4 + -4 - 1)*-7?
1
Suppose -5*v = -4*n - 35, -3*v = -0*v - n - 21. Let y = -152 + 170. Calculate the remainder when y is divided by v.
4
Let r = 97 - 50. Let t be 24/(-36) - 104/6. Let u = t + r. Calculate the remainder when u is divided by 10.
9
Suppose -4*q + 0*q + 100 = 0. Calculate the remainder when q is divided by 7.
4
Suppose -3*f = 3 + 12, 4*z = 2*f + 14. Calculate the remainder when (z*-29)/((-3)/6) is divided by 20.
18
Let u(y) = y**3 - y**2 + 4. What is the remainder when u(0) is divided by 4?
0
Let y = 4 - 10. Let m be y/(-3) + 0 - -24. Suppose -6 = -v - g, 5*v - 54 = 5*g + m. What is the remainder when v is divided by 4?
3
Let v be -1 - (0 + 12/(-2)). Suppose v*o - 23 = 7. What is the remainder when 17 is divided by o?
5
Suppose 3 = -3*c + 30. Suppose -4*m + 2*m + 22 = -3*p, -p = -m + c. Let i = p - -10. What is the remainder when 10 is divided by i?
4
Let b(q) = 15*q**2 + q. Let y(c) be the first derivative of c**4/4 + 7*c**3/3 - c**2/2 + 2*c + 2. Calculate the remainder when b(1) is divided by y(-7).
7
Let g = 34 - 2. What is the remainder when 126 is divided by g?
30
Let o(i) = i**2 - 6*i - 1. Let s be o(6). What is the remainder when s/5 + 930/25 is divided by (1/(-3))/((-5)/195)?
11
Suppose 5*w + 4*h - 13 = 74, 0 = -2*w - 4*h + 42. Let o be (-1 - 0)/((-1)/3). Suppose o*d - 66 = 18. What is the remainder when d is divided by w?
13
Let i = -97 - -128. Calculate the remainder when i is divided by 7.
3
Let q(i) = -i + 9. Let c(j) = -6*j + 45. Let t(h) = -2*c(h) + 11*q(h). What is the remainder when (-74)/(-3) + (-2)/(-6) is divided by t(0)?
7
Suppose 0 = 5*o - 4*s + 17 + 5, -4*s - 20 = 2*o. Let g be 14/o*1*6. What is the remainder when 1 is divided by (-4)/g + 5/7?
0
Suppose -310 = 2*p - 7*p. Calculate the remainder when p is divided by -1*(1 + (0 - 17)).
14
Let b(o) = 2*o + 3. Suppose -c + 12 = 1. What is the remainder when b(c) is divided by 9?
7
Suppose -38 = 4*f - 2. Let t = 17 - f. Suppose 4*x - 18 = -0*x + 3*r, 0 = -4*x - r + t. Calculate the remainder when 16 is divided by x.
4
What is the remainder when 59 is divided by -16*4/((-64)/20)?
19
Suppose 0 = l - 6 + 1. Let r(a) = -a**3 - 9*a**2 + 11*a + 12. Let z be (-2)/13 + (-128)/13. What is the remainder when l is divided by r(z)?
1
Let s be 0 + 0 + 2 - 4. Let o = s - -2. Let x(f) = f**3 + f**2 - f + 39. Calculate the remainder when x(o) is divided by 10.
9
Let m be 10/(-8)*(-21 - -1). Suppose -m = -4*j - j. Suppose -3 = -y, r - 31 = -j*y - 1. What is the remainder when r is divided by 8?
7
Let q = 23 - -6. Calculate the remainder when q is divided by 10.
9
Let d = 7 - 7. Suppose d = y + 2*y. Suppose y = 2*b - 6 - 24. What is the remainder when 59 is divided by b?
14
Suppose w - 120 = -3*w. What is the remainder when w is divided by 16?
14
Suppose -2*h = -p + 10, 0*p + p + 3*h = 5. Suppose -2*g + 3 + 15 = 4*y, g + y - 6 = 0. Calculate the remainder when p is divided by g.
2
Suppose 0 = 2*y + 10, -k = -y - y - 34. Suppose 4*c - k = c. What is the remainder when 22/2*-4*(-3)/6 is divided by c?
6
Suppose 5*t - t = 12. Suppose 2*v = -t*v + 65. Suppose d = 3*d - 10, -5*p + 4*d + 100 = 0. Calculate the remainder when p is divided by v.
11
Let n